= -16 - 13 + 27 + 8*m + 0*m**2 + m**2. Give l(-9).
7
Let r(t) = -t**2 + 6*t + 2. Suppose -6*a = -2*a - 8. Suppose -a*l = -6 - 6. Determine r(l).
2
Let t be ((-3)/(-2))/(3/2). Suppose -v - t + 12 = 0. Let a(z) = 3*z**2 - 10*z - 3. Let c(s) = s**2 - 3*s - 1. Let u(r) = v*c(r) - 4*a(r). What is u(6)?
7
Let f be (-88)/14 + (-6)/(-21). Let y(s) be the first derivative of s**3/3 + 7*s**2/2 + 3*s - 35. Calculate y(f).
-3
Let b(g) = 16 + 9*g - 373*g**2 - 380*g**2 + 1133*g**2 - 379*g**2. Determine b(-7).
2
Let v(y) = y**2 - 5*y + 19. Suppose 6*z + 3*o = 10*z - 28, 0 = -z + 5*o + 24. Calculate v(z).
15
Let r(f) = f**2 + 4*f + 7. Let j be -20 + 17 - (-3 - -2)*-1. Give r(j).
7
Let d(m) = -5*m + 29. Let y be (((-10)/(-4))/(-1))/(3/(-6)). Let b be d(y). Let l(u) = -u**3 + 4*u**2 - 3*u + 1. Determine l(b).
-11
Let h(s) = -s**2 - 6*s + 3. Let t be h(-6). Let z(q) = q**3 - 6*q + 6 - t*q**2 + 0*q**2 - 2. Suppose -6*r = -r + 5*x - 10, 3*r - 4*x - 20 = 0. Give z(r).
-4
Let u(s) be the second derivative of 0 - 1/3*s**3 - 1/2*s**2 + 18*s. Determine u(-3).
5
Suppose -c + 2 = -0*c. Let d(q) = q**3 + 5*q**2 - 5*q + 8. Let w be d(-6). Let x(s) = -3*s**w + 4*s - 45 + 0*s + 43 + s**3. What is x(c)?
2
Let s(n) = n**2 - 3*n + 4. Let g(m) = m - 1. Let y(c) = 4*g(c) + s(c). Suppose -7*o = -53 + 39. What is y(o)?
6
Let n(q) = -5*q**2 - 8*q + 52. Let a be n(-4). Let x(o) = o**3 - 5*o**2 + 3*o. What is x(a)?
-4
Let v(i) = i**3 + 15*i**2 + 14*i + 11. Suppose f = -2*o - 16, -4*f - 2*o + 12 = -5*f. What is v(f)?
11
Let m be (-1)/(8/(-26)) - (-12)/16. Let k be ((-1)/3)/(m/(-120)). Let c(r) = r**3 - 11*r**2 + 10*r + 7. Give c(k).
7
Let d(y) be the first derivative of 1/15*y**5 - y**3 + 1/120*y**6 - 7/24*y**4 + 5/2*y**2 + 0*y - 1. Let i(b) be the second derivative of d(b). Give i(-5).
4
Let b(t) = 38*t**2 - 39*t. Let s be b(1). Let d(j) be the second derivative of -7*j**3/6 + j**2/2 + j. Give d(s).
8
Let m(j) = -2*j + 2. Let p(c) = 7*c - 8. Let h(f) = -3*m(f) - p(f). Determine h(6).
-4
Let t(g) = 18*g + 21. Let f(j) = -6*j - 7. Let b(c) = -13*f(c) - 4*t(c). What is b(9)?
61
Let u(n) = -9*n**2 - 7*n + 5. Let d(a) = -3*a**2 - 2*a + 2. Let v(c) = 7*d(c) - 2*u(c). Determine v(-3).
-23
Let j(p) = -p**3 - 4*p**2 + 19*p - 2. Let k be j(-7). Let u be -1 + 2/6*k. Let m(i) = i**3 - 4*i + 2. Calculate m(u).
17
Suppose -5*v - 3*m = -0*m + 13, -2*v = -m + 3. Let d be (22/(-154))/(v/14). Let w(r) = -3*r - 1. Give w(d).
-4
Suppose u = 4*i - 3*u, 0 = -2*i - 2*u - 12. Let t(b) = 2*b. Determine t(i).
-6
Let u(d) = 73*d + 3*d**2 - 36*d + d**3 - 34*d + 2. Let r(z) = -z. Suppose 4*h + 5*x + 11 = 2*h, 5*h = -x + 7. Let a be r(h). Calculate u(a).
0
Let p(t) be the first derivative of t**3/3 - 11*t**2/2 + 4*t - 55. Determine p(7).
-24
Suppose y - 4 = 5*m + 4, -2*m - 4 = 0. Let c(n) be the second derivative of 7*n**4/12 + 2*n**3/3 + n**2 - 472*n. Determine c(y).
22
Let c(a) be the second derivative of -a**5/20 - a**4/4 + a**3/3 - 5*a**2/2 + 515*a. Determine c(-3).
-11
Let x(s) = -7*s**2 + 1 - 2*s + 4*s**2 - 4*s**2 - 3*s**3 - 4*s. Let l(z) = 2*z**3 + 5*z**2 + 4*z - 1. Let q(n) = -7*l(n) - 5*x(n). Give q(-2).
-10
Let w(b) = -b**2 - b - 1. Suppose -4*m - 19 = -5*v, 0*m = 5*v + 4*m - 11. Determine w(v).
-13
Let h(g) be the first derivative of g**2/2 + 11*g + 2. Let i be 3 + 1 + -2 - -4. Let u = -11 + i. Determine h(u).
6
Let w(p) = 2*p**2 - 10*p + 2. Let s = -649 + 654. Determine w(s).
2
Let y(m) = 6*m**3 + m + 0*m**2 + 0 + m**2 - 1. Suppose 0 = -8*v + 174 - 166. Determine y(v).
7
Let s(v) = -6*v - 4. Let k(o) = 10*o + 346. Let a be k(-34). Calculate s(a).
-40
Let w(p) = -5*p - 19. Let l be w(-5). Let n(u) = u + 3*u**2 - 5*u**2 + 4 - l*u - u. Determine n(-5).
-16
Let q(d) be the third derivative of -d**6/120 - 2*d**5/15 - d**4/24 + 7*d**3/6 - 209*d**2. Give q(-8).
15
Let a be 5 - (9 - (7 + 1)). Let g(b) be the third derivative of -1/30*b**5 + 5*b**2 - 1/6*b**3 + 0*b + 0 - 1/120*b**6 + 1/8*b**a. What is g(-3)?
-1
Let g(f) = 3*f. Let v be (24/108)/(5/(-45)). Give g(v).
-6
Suppose 2*v + 4*j = 2*j + 6, -5*j - 15 = 0. Let p be ((-12)/10)/((-4)/10). Let x(u) = -u**3 - 6*u**2 + 3*u**p + 7 - u**3 - 4*u. What is x(v)?
-17
Suppose -31*b = -27*b - 48. Let k(c) = c - 10. Determine k(b).
2
Let f(q) = 13*q**3 - q + 1. Let i be f(1). Let v(n) = -2*n + 4 - 5 + i*n. Calculate v(-2).
-23
Let v(p) = 1 - p + 2 + 0. Let c(b) = b. Let f(d) = 4*d + 5. Let n(h) = 5*c(h) + f(h). Let j be n(-1). Give v(j).
7
Let g be (-1)/(4 - (-2 + 5)). Let z be (-4)/(-8)*g*-4. Let r(l) = -4 - z*l + 4*l - 5*l + 0. Determine r(-5).
11
Suppose 12 = 3*h - 9. Let a(c) be the third derivative of c**4/12 + c**3/3 + 40*c**2 - 3*c. Calculate a(h).
16
Let t be ((-12)/(-8))/(3/(-32)) + 5. Let b(z) = -z**3 - 10*z**2 + 12*z + 6. Determine b(t).
-5
Let v(l) be the first derivative of -5/3*l**3 + 10 - 1/4*l**4 - 3*l - 2*l**2. Determine v(-2).
-7
Let c(h) = h + 6. Let d be c(-10). Let w(p) = p + 4. Let m be w(-4). Let q(o) = -3 + 2 + o**2 + 4*o + m. Determine q(d).
-1
Let y(p) = -p**2 + 3*p + 7. Let c be y(4). Let z(t) = t - 1. Let u be z(c). Let k(d) = 3*d**2 + d - 1. What is k(u)?
13
Let y(s) = s**3 - 2*s**2 - s - 1. Let c be y(3). Suppose 15 = z - c*d, -2*z - d = -0*z - 8. Suppose -z*j + 1 = -6*j. Let q(a) = -a**2 + 2*a + 1. What is q(j)?
-2
Let f(c) = c - 6. Let d = 44 - 42. Let l be (d/3)/((-44)/48 + 1). Determine f(l).
2
Let b(r) = -33*r + 29*r - 7 + 1 - 2 + 1. Determine b(-6).
17
Let u(b) = 2*b**2 + 2*b + 5. Let y be u(-3). Suppose y = -c + 15. Let f(q) = 0*q + 2 - 3*q**2 + q - 2*q. Give f(c).
-8
Let m(o) = o - 8. Let r be (-10)/(-30) + (-8)/(-3). Suppose -r*a + w = -27, -w - 15 + 4 = -a. Give m(a).
0
Let s = -3 + -1. Suppose -5*b = 15, -3*q = -3*b + 2*b - 9. Let o(t) = q*t**2 + 3*t + 5*t**2 - 3*t**2 + t**3 + 0*t + 6. Determine o(s).
-6
Let s = 10 + -5. Let a(f) = -f**3 + 5*f**2 + f - 2. Let w be a(s). Let z(h) = w + 2 - h + 3*h - 4*h. What is z(4)?
-3
Let q(w) = -w**3 + w**2 - 3*w + 3. Suppose 16 = 4*k + 4*f, 5*k + 4*f = f + 16. Determine q(k).
-7
Let v(l) be the second derivative of -l**4/12 + 8*l**3/3 + 13*l**2/2 + 192*l. What is v(12)?
61
Suppose 3 + 9 = 3*z. Suppose 3 = -3*v + z*v. Let d(y) = -11*y**2 + 4*y + 9*y**2 - 2 - 5*y + y**3. Give d(v).
4
Let y(p) = -11*p + 14. Let b(m) = 4*m - 5. Let g(k) = -8*b(k) - 3*y(k). Suppose -2 = 3*i + 5*n - 0, 4*i + 18 = n. Let l be (-99)/21 + i/14. Give g(l).
-7
Let v(h) = h**3 - 8*h**2 - 3. Suppose -63 = -x - 8*x. Suppose -k + 4*u - u = x, -3*u = 5*k - 55. Calculate v(k).
-3
Let r(s) = -s**2 - s + 7. Let i be 1/(-8 - 2) + 29/(-10). What is r(i)?
1
Let g(k) be the second derivative of -1/20*k**5 + 1/4*k**4 + 0 + 2*k + 5/2*k**2 + 1/6*k**3. Let w = -61 - -65. Determine g(w).
-7
Let t(q) = -5*q**3 - q**2 + q - 4. Let x(s) = -s**3 + s**2 + s - 1. Let o(n) = t(n) - 4*x(n). Suppose -y + 1480 = 1484. Calculate o(y).
-4
Let s = 10 + 7. Suppose -m + k = -s, -5*k + 4 = -3*m + 61. Suppose p + 2 = -d, 2*p + 0*p - 3*d = -m. Let b(q) = -q**2 - 3*q + 2. Give b(p).
-2
Let i(j) = -j + 1. Suppose 3*a + 2*l = 75, l - 3 = -0. Suppose 3 = -2*b - a. Let x = b + 9. What is i(x)?
5
Let c(a) = 460*a + a**3 - 29 + 31 + a**2 - 459*a. Determine c(0).
2
Suppose -13*s + s = 21*s. Let y(c) = c**3 + 5*c - 2. Determine y(s).
-2
Let v be (9/(180/(-8)))/((-1)/(-5)). Let r be (16/(-24))/(v/(-3)). Let t(c) = 7*c - 1. Give t(r).
-8
Let w(f) = -2*f + 2. Let b(t) = t - 1. Let x(r) = -3*b(r) - 2*w(r). Let k(v) = -6*v + 5. Let c(j) = -k(j) - 5*x(j). Give c(-3).
-3
Let a(n) = n**2 - 5*n + 1. Let x be 10 - (1 + -5)*(13 + -14). What is a(x)?
7
Suppose 11 = 6*z - 1. Let a(g) = 0*g**2 - z*g**2 + 2*g**2 - 6*g**2 + 1. Determine a(-1).
-5
Let h(d) be the first derivative of d**4/4 + 3*d**3 + 9*d + 188. Determine h(-9).
9
Let b(i) = 39*i + 24. Let k(c) = 16*c + 12. Let f(x) = -2*b(x) + 5*k(x). Give f(-7).
-2
Let v(h) = -2*h + 35. Let r be v(15). Let c(y) = -5*y**2 + y**3 - 2 + 11 - 2 - 3*y + 2*y. What is c(r)?
2
Let d = 0 - -2. Let h(i) be the second derivative of 1/2*i**2 + 3*i + 1/20*i**5 + 1/6*i**3 + 0 + 1/12*i**4. What is h(d)?
15
Let r be (2 + -12)/(6/6*-2). Let o(t) = -3*t + 15. Give o(r).
0
Let a(b) = 4*b - 13. Let g(h) = h**2 + 42*h + 347. Let p be g(-11). Give a(p).
11
Let d(h) = h**3 - 7*h**2 + 6*h + 6. Suppose 0 = -w - 4 + 10. Let l be d(w). Let b(k) = 4*